s j(0)?
-65
Suppose 0 = -7*w + 4*w + 102. Let i = w - 25. Let f(t) = -7*t**2 - 2*t - 5*t + 8*t**2 - 5 - t. Calculate f(i).
4
Let q(k) = 5*k**2 - 2*k + 4. Let i(r) be the first derivative of -9*r - 24 + 3/2*r**2 - 11/3*r**3. Let t(s) = 6*i(s) + 13*q(s). Give t(-7).
5
Let u(y) = -y**3 - 9*y**2 - y - 2. Let f = -501 + 524. Suppose -3*l + l = 2*o + 10, f = -3*l - o. Give u(l).
7
Let b be (-1)/4 + (-6 - (-165)/20). Let q(v) = 5*v - 1. Let x(k) = k - 1. Let m(c) = b*x(c) - q(c). Determine m(-2).
5
Let o = -456 + 453. Let d(t) = 3*t + 11. What is d(o)?
2
Let b(a) = a**2 - 11*a - 114. Let t be 2/6*(29 - 32) - 20/4. Determine b(t).
-12
Let u(a) = -65 - 13*a - 130 - 168 + 512. Determine u(11).
6
Suppose -2*j = 2*x - 5*x - 7, -2*x + 3*j - 3 = 0. Let r(i) be the second derivative of i**3/3 - i**2 - 9*i. Determine r(x).
-8
Let x(p) = 17*p + 2. Let r(a) = 52*a - 36. Let u(o) = r(o) - 3*x(o). Calculate u(30).
-12
Let q = -11670 + 11660. Let o(r) = 3*r + 24. Determine o(q).
-6
Let b(i) = -216*i + 24. Suppose n = 4*l - 129, -6*n - 9 = -9*n. Let g(w) = -26*w + 3. Let x(y) = l*g(y) - 4*b(y). What is x(-3)?
-15
Let d(k) = 53*k**3 + 4*k**2 + 2*k - 4. Let l be d(-3). Let p be l/(-30) - (-2 + 22/12). Let j = -39 + p. Let c(g) = g**2 - 7*g - 7. Calculate c(j).
1
Let z(d) be the third derivative of 3*d**5/20 - d**4/4 - d**3/6 + 756*d**2 - 2. Calculate z(0).
-1
Let k(o) = -2919*o + 1431*o + 1395*o + 2. Determine k(-1).
95
Suppose -2*u - 3*x + 19 = 0, -2*u - x = 2*u - 13. Suppose -8 = 4*m - 2*n, 4*n - 14 = u. Let v(j) = 2*j + j**3 + j**2 - 5 - j - 2*j**3. Determine v(m).
-5
Let u(f) = f**3 - 7*f**2 + f + 9. Let x(o) = o**2 + 119*o + 352. Let l be x(-3). Determine u(l).
-35
Let l be (-4230)/(-135) + (-13)/39 + 1 + 0. Let g(h) be the second derivative of -1/6*h**3 + h**2 + 0 - l*h. Give g(6).
-4
Suppose 5*l - 2*l - 33 = 2*u, 12 = 2*l + 2*u. Let p(g) = -l*g + 2 - 12*g**2 + 13*g**2 + 1 + 4. Determine p(8).
-1
Let x(q) = 47*q + 385 + 57*q - 3*q**2 - 353. What is x(35)?
-3
Let i be (-588)/(-105) - (-6)/(-10) - -58. Let h(b) = -b**2 + 63*b - 1. What is h(i)?
-1
Let y(k) be the first derivative of -k**3/3 + 8*k**2 - 12*k + 5267. What is y(15)?
3
Let m(w) = w**2 - 2*w - 6. Let o = -14806 + 14803. What is m(o)?
9
Let m = -12 - -19. Let l(y) = -y**3 + 9*y**2 - 10*y. Let u be l(m). Suppose 4*q = -4*i + 24, -3*q + 2*i = -0*i - u. Let j(a) = -a + 5. Determine j(q).
-3
Let y(c) = -588 + 299 - 26*c**2 - 8*c + 27*c**2 + 295. Suppose 6 = 5*t - 19. Calculate y(t).
-9
Let q(m) = 41*m + 365. Let i(n) = 25*n + 182. Let z(d) = 7*i(d) - 4*q(d). What is z(16)?
-10
Let x(v) = v**2 - 27*v - 277. Let a be x(35). Let i(o) = -o**3 + 5*o**2. Calculate i(a).
18
Let p(c) = 9*c**2 + 3*c. Let t(d) = -7*d**2 - 7*d + 1. Let b(h) = -3*p(h) - 4*t(h). What is b(0)?
-4
Let i(l) = -13*l**2 - 2*l + 5. Suppose 46*r - 37*r - 32 = 2*g, -5*g = 5*r - 30. What is i(g)?
-51
Let l(u) = -61 + 10*u**2 + 0*u**2 + 3*u**2 + 10*u**2 - 24*u**2 - 42*u. Determine l(-41).
-20
Let u be 3*(2 + -1) - (-6)/(0 + -3). Let k(y) be the first derivative of -17*y**2/2 - y - 1. Calculate k(u).
-18
Let a(n) be the first derivative of -7*n - 3*n**2 - 1/3*n**3 + 105. Calculate a(-6).
-7
Let s(g) = -2*g + 8. Let c be s(7). Let j(a) = -8*a - 9. Let w(o) be the second derivative of -o**3/6 - o**2/2 + o + 73. Let d(z) = c*w(z) + j(z). Give d(-4).
5
Let g be (3 - (1 - 6*-1))/2. Let n(c) = 5*c**2 - c + 1. Suppose 11*u = 8*u + 15. Let i(y) = -9*y**2 + 2*y - 1. Let a(v) = u*n(v) + 3*i(v). Give a(g).
-8
Suppose -3287 + 3317 = -2*h + k, 65 = -5*h + 5*k. Let a(g) = -g + 54. Give a(h).
71
Let h = -74 + 65. Let u be 15/h*-1*(-126)/(-35). Let j(l) = -l**2 + 7*l - 7. Calculate j(u).
-1
Let v(g) = -20*g + 3. Let y(x) = 6*x - 1. Let d(z) = -3*v(z) - 8*y(z). Let h = -45 - -81. Let i = h - 37. Determine d(i).
-13
Let s be (1/2)/(2/4). Let o(w) = 94. Let i(f) = -17. Let r(k) = 11*i(k) + 2*o(k). Let a(j) = 12*j + 12. Let l(q) = a(q) - 12*r(q). Give l(s).
12
Let b(s) = -85 - 88 - 6*s**2 + 348 + 8*s - 89 - 84. Determine b(2).
-6
Suppose z + 4 = 5*x - 10, 6 = -5*x - 4*z. Let r(c) be the third derivative of 5*c**x + 0*c + 1/24*c**4 + 0 - 4/3*c**3. Give r(0).
-8
Let h(o) = 141*o - 270*o + 2 + 8*o**2 + o**3 - 17*o**2 + 139*o. Give h(6).
-46
Let h(t) be the third derivative of t**5/60 - 19*t**4/24 + 13*t**3 - 6519*t**2. Give h(9).
-12
Let p(y) be the first derivative of y**4/4 + 7*y**3/3 + 3*y**2/2 - y - 4079. Determine p(-4).
35
Let q = -8491 - -8497. Let k(l) = 11*l**2 + 5*l + 5. Let d(z) = -5*z**2 - 3*z - 2. Let b(v) = -13*d(v) - 6*k(v). What is b(q)?
14
Let n be (-360)/80 - -3 - 18/(-4). Let m(l) be the second derivative of 0 - 40*l + 3/2*l**2 + 1/20*l**5 + l**n - 2/3*l**4. What is m(7)?
-4
Let b(v) = -v**2 - 10*v - 1. Let k = 646 + -1165. Let d = k - -510. Give b(d).
8
Let y = 5 + 10. Let q(f) be the first derivative of -f**3/3 + 8*f**2 - 8*f - 369. Determine q(y).
7
Suppose -3*f - 17 - 19 = -5*v, -5*f - 6*v = 17. Let g(u) be the first derivative of -u**3/3 - 3*u**2 - u - 2. Give g(f).
-8
Let m(j) = -j**2 + 8*j + 1. Let z be -14 + 155 + (-2 + 3 - 4). Suppose -137*h - 7 = -z*h. What is m(h)?
8
Let l be (-8)/2 - 0 - 2. Let y be -3 - 6/4*l. Let h(j) = -6*j + 0 + 5 + y*j - j. What is h(4)?
1
Let s(d) = 9*d**3 - 2*d**2 + 9*d - 1. Let g(b) = -4*b**3 + b**2 - 4*b. Suppose 2*u = j - 7, -2*j = 41*u - 42*u - 14. Let o(l) = j*g(l) + 3*s(l). Determine o(0).
-3
Let p be ((-726)/48 - (-3)/2) + (-171)/456. Let y(n) = -n**2 - 7*n - 16. Calculate y(p).
-114
Let u(g) = -3*g + 9. Let q = -70 + 103. Let o = 37 - q. Suppose -7 = -o*d + 3*d. Give u(d).
-12
Let f(u) = -7 + 11 + 88*u**2 - 87*u**2 - 6 - 5 + 4*u. Let t(i) = -i**2 + 3*i - 2. Let w be t(3). Let l be w/4*(2 - -10). Determine f(l).
5
Let u = -31 - -24. Suppose 0 = -p - 0*p + 86. Let r(b) = 0 + 0 - p*b + 85*b. What is r(u)?
7
Let d(o) = o + 0*o**3 + 0*o + 4*o**2 + o + 5*o**3. Suppose j = 5*l + 8, -l + 7 - 5 = j. Suppose 0 = t - 2, 4*x = -0*x - j*t - 2. Determine d(x).
-28
Let h(p) = p**2 - 13*p + 15. Suppose 5*w + 10 = 3*g - 26, 0 = g + 5*w + 8. Suppose -2*v = -u - 18, 0*u - u - g = -v. What is h(v)?
-7
Let x(k) = -18*k - 287. Let s = 4167 - 4184. Determine x(s).
19
Let r(n) be the second derivative of n**6/60 - n**5/12 + n**4/8 - 2*n**3/3 + 108*n**2 + 158*n. Let t(o) be the first derivative of r(o). Calculate t(3).
14
Let r = -659 + 662. Let v(b) = -10*b**3 + 0*b + 9*b**3 - 1 + 8*b**r + 0*b. Determine v(1).
6
Let g be (1/(-2))/((-10)/(-20)). Let r(s) = 2*s**2 - 35*s - 1. Let q(a) = -13*a**2 + 138*a + 4. Let b(k) = q(k) + 4*r(k). Calculate b(g).
-3
Suppose -370*q = -243*q. Let o(b) = 9*b - 18. Give o(q).
-18
Let o(f) be the third derivative of f**5/60 + 7*f**4/12 + 5*f**3/2 + 237*f**2. Let t(u) = 4*u - 39. Let s be t(7). Determine o(s).
-18
Let b(i) = i - 4. Let r(o) = o**3 - 10*o**2 + 2*o + 3. Let s be r(10). Let n = -106 - -109. Suppose -5*y + 29 = n*q, -2*q + 3*q + s = 3*y. What is b(y)?
3
Suppose -4*s + 1 = 5*c, 3*s + 29*c = 27*c + 6. Let y(l) be the second derivative of -8*l - l**2 + 1/12*l**s - 1/6*l**3 + 0. Calculate y(4).
10
Let i(o) = o**2 - 7*o + 12. Let j be 8 + (-35)/(-5) + -13. Let a be i(j). Let b(z) = -z**2 + 6*z - 4. Calculate b(a).
4
Let f(a) = a**2 + 117*a + 3293. Let m be f(-49). Let o(s) = s**2 + 37*s - 60. Give o(m).
18
Let f(r) = 76*r**3 - 25 + 57765*r - 57796*r - 17*r**2 - 77*r**3. What is f(-15)?
-10
Let q(w) = 74 + w**3 + 2*w + 47 + w**2 - 59 - 59. Let l be (2/6)/((-1)/(-30)). Suppose -4*z + 8 = 0, 3*z = o + o + l. Give q(o).
-5
Let w(f) = -1654*f - 2. Let t(m) = -1100*m - 2. Let k(d) = 3*t(d) - 2*w(d). Let i(z) = z**2 + 4*z + 4. Let v be i(-3). Give k(v).
6
Let d(k) = 27*k**2 - k + 1. Let q(v) = -136*v**2 + 3*v + 5. Let p(z) = -5*d(z) - q(z). Determine p(-6).
14
Suppose -46*z = -5*a - 45*z - 40, -a + z - 8 = 0. Let h(j) = j**3 + 14*j**2 + 39*j - 3. What is h(a)?
69
Let h(x) = -28 - 30 + 82 - 22*x - 22. Give h(-3).
68
Let p(v) = -244 - 3*v - 242 + 484 + 9*v**2 - 10*v. Give p(1).
-6
Let f be -10*3/((-75)/(-10)). Let t be ((-88)/12 - -6)*6/(-4). Let r(p) = -5*p**t + 846*p - 842*p - p**3 + 2*p**2. Calculate r(f).
0
Let j(k) be the third derivative of k**5/60 - 7*k**4/8 - k**3/6 + k**2 - 404*k. Give j(21).
-1
Let l(n) = -n**3 - 4*n**2 - 4*n. Let f = -280 - -286. Let y(b) = -16*b + 93. Let j be y(f). Give